s digit of l?
5
Let v be (-7)/2*-1*2. Let h = 10 - v. Suppose -h*b = 2*b - 10. What is the units digit of b?
2
Let h(x) = -x**3 - 6*x**2 + 4*x - 17. What is the units digit of h(-8)?
9
Suppose t = -x, -3*t + 2*x - 9 = -2*t. Let b(s) = -s**3 + 4*s + 4. What is the units digit of b(t)?
9
Suppose 36*l - 173 = 35*l. What is the tens digit of l?
7
Suppose 31 - 11 = -2*w + 5*r, 8 = -4*r. Let d = 22 + w. What is the units digit of d?
7
Let c = 4 + -3. Let d = 2 + c. What is the units digit of d?
3
Let c(h) = -h**2 - 15*h. Suppose -5*q = 5*a + 65, 3*q = -4*a + 4*q - 57. What is the tens digit of c(a)?
1
Let i = 195 + -120. Suppose -2*k = -5*k + i. What is the tens digit of k?
2
Suppose -5*z = 4*f - 32, 0*f + f - 2*z - 8 = 0. Let v = f - -2. What is the units digit of v?
0
Let g be (4/(-12))/(1/(-9)). Suppose 12 = -0*u + u + 4*l, 4*u - g*l = 48. What is the tens digit of u?
1
What is the tens digit of 3*698/6 - 0?
4
Let r(l) = -14*l**2 - 12*l + 13. Let z(v) = -5*v**2 - 4*v + 4. Let q(a) = -4*r(a) + 11*z(a). What is the tens digit of q(-7)?
1
Let t(g) be the second derivative of g**4/12 + 2*g**3/3 - 11*g**2/2 + 2*g. Let k be t(-8). Suppose -k = h - 4*h. What is the units digit of h?
7
Let l be (-92)/(-20) - 2/(-5). Suppose 0 = o + 4*c - 16, l*o + c - 200 = 5*c. Suppose 5*b = 2*b + o. What is the tens digit of b?
1
Let r be ((-3)/6)/((-5)/(-10)). What is the tens digit of 23/2 + r/2?
1
Let o(d) be the second derivative of d**6/360 - d**5/24 + d**4/4 - 3*d. Let a(j) be the third derivative of o(j). What is the units digit of a(4)?
3
Suppose 0 = -4*b + 223 + 121. What is the tens digit of b?
8
Suppose 0 = 2*l - 53 - 7. What is the units digit of l?
0
Let j(k) be the third derivative of -k**5/60 + k**4/4 + 3*k**2. Let i be j(6). Suppose 2*o - 34 - 12 = i. What is the tens digit of o?
2
Let f(x) = -2*x - 16. Let l be f(-9). Suppose -n - 64 = -2*p, l*n + 34 = p - 1. What is the tens digit of p?
3
Suppose 2*z - 1 - 1 = 2*p, -4*p = z - 1. Suppose 5*l - 20 = -3*t - 2*t, 3*l + 4*t - 14 = p. What is the tens digit of 6*(1/3 + l)?
1
Let m = -12 - -12. Let r be (-4)/(10/11 - 1). Suppose z - 5*i - r = -2*z, m = 3*i + 12. What is the units digit of z?
8
Suppose -28*i = -23*i - 535. What is the tens digit of i?
0
Let f(n) = -n + 7. Let v be f(7). Let y = v + 2. What is the units digit of y?
2
Let b = 4 + -2. Let j be (-6)/(-4) + 4/8. What is the units digit of b + (1 + j)/(-3)?
1
Let i = 114 + -40. Suppose 3*n + 8 = i. What is the tens digit of n?
2
Let l = -20 - -47. What is the tens digit of l?
2
Suppose -d - 5 = -2*d. Suppose -i - 4*k = -22, -d*i + 5 = -k - 0. What is the units digit of i?
2
Let c be (6/(-2))/(12/8). Let u be 4/2 - 0 - c. Suppose u*x - 10 = -2*g - 0*x, -4*g + 40 = -2*x. What is the units digit of g?
9
Let g(r) = -r**3 - r + 2. Let k be g(0). Suppose 3*y = -2*s + 24, 2*y - k*s - 16 = -3*s. What is the units digit of y?
8
Suppose -g - 36 = -5*g. Let a be (-2 - g/6)*2. Let y = a + 8. What is the units digit of y?
1
Suppose 0 = 3*n - 13 - 2, -4*o + 2*n = -78. What is the units digit of o?
2
Let c(z) = z**3 + 2*z**2 - 4*z - 1. Let t be c(-3). Let q be 1 - (t + 21/(-3)). What is the units digit of (5 + -6)/((-2)/q)?
3
Let w be (1 + 4)/((-3)/6). What is the tens digit of ((-5)/w)/((-1)/(-22))?
1
Let u = -27 + -11. What is the units digit of u/(-6) + 8/12?
7
Let x(m) = m**2 - 14*m - 19. What is the tens digit of x(23)?
8
Let p be (-16)/(-6) - 2/(-6). Suppose p*l = -56 - 16. What is the units digit of (l/30)/(1/(-10))?
8
Let b(j) be the second derivative of -j**3/2 - 9*j**2/2 + 3*j. What is the tens digit of b(-7)?
1
Let m = 48 - 39. What is the units digit of m?
9
Let l be 3/12*-2*0. Suppose -4*k - 4 + 20 = l. Suppose 5*x - a - 52 = 0, 2*a + a - 34 = -k*x. What is the tens digit of x?
1
Let t(y) = y**2 - 9*y + 5. Let k be t(9). Suppose 0 = -k*i + i + 36. What is the units digit of i?
9
Let m(p) = 286*p**2 - p + 1. What is the tens digit of m(1)?
8
Suppose -k - k = -46. Suppose -4 = -2*j - 2*j. Suppose 2*b - 32 = p, -3*p - j - k = -2*b. What is the tens digit of b?
1
Suppose -5*l + 6 = 4*i - 144, 4*i + 120 = 4*l. Suppose 2*p = 5*p - l. What is the units digit of p?
0
What is the tens digit of (2 - 1)/(2/62)?
3
Suppose -4 = 4*z - 5*z. Suppose 2*u = z*u - 10. Suppose 4*c - 4 = 2*h, 0*c - 9 = 2*h - u*c. What is the units digit of h?
8
Let z = -8 - -9. What is the tens digit of ((-5)/10)/(z/(-92))?
4
Let n(v) = 3*v**2 - 10*v + 8. Let z(i) = 13*i**2 - 41*i + 33. Let w(c) = -9*n(c) + 2*z(c). What is the units digit of w(6)?
6
Suppose 2*j - j - 4 = 0, 5*h = -3*j + 492. What is the units digit of h?
6
Let k(i) = -i**2 - 7*i - 6. Let s be k(-6). Let d(o) = o + 3. Let l be d(s). Suppose -l*p + 5*g - 12 = 0, g + 3*g = -p + 13. What is the units digit of p?
1
Let k(b) = 2*b**2 - 8*b + 10. What is the tens digit of k(7)?
5
Let w = -35 - -75. What is the units digit of w?
0
Let x(o) = 17*o**2 - o - 1. Suppose 0 = -4*u - 2 - 2. What is the units digit of x(u)?
7
Suppose 6*i - 4*i - 162 = 0. What is the units digit of i?
1
Let z = 14 + 165. What is the units digit of z?
9
Let a(p) = -p**3 + 5*p**2 - 3*p - 2. Suppose -2*g = 4*q, 0*g - g + q = 12. Let v = -5 - g. What is the units digit of a(v)?
7
Suppose l - 8 = -0*l. Suppose -60 = -2*m + 4*f, -3*f - l = -f. What is the units digit of m?
2
Let g(c) be the first derivative of 9*c**2/2 - 4*c - 3. What is the units digit of g(5)?
1
Suppose -3*z = 2*z - 45. Suppose z*c - 25 = 4*c, -47 = -3*j - c. What is the units digit of j?
4
Let p(r) be the first derivative of r**3/3 - 5*r**2/2 - 7. What is the tens digit of p(-4)?
3
Suppose -2*l = 4*j - 12, -5*j - 3*l + 15 = -4*l. What is the units digit of j?
3
Let m be -3 + 1 + 1*7. Suppose -m*r = -0*r - 55. Suppose 0*s - 2*s = 3*d - r, d + s - 4 = 0. What is the units digit of d?
3
Let q(b) = -b + 3. Suppose 15 = 3*h - 9. Let a = h - 11. What is the units digit of q(a)?
6
What is the units digit of -1 - (-3 + -8)*1?
0
Let f(t) be the second derivative of t**5/4 - t**4/12 - t**3/6 + t**2/2 - 5*t. What is the units digit of f(1)?
4
Let z = 402 - 227. What is the units digit of z?
5
Let y be (-185)/(-10) + 1/2. What is the units digit of 2/7 + y/7?
3
Let z = 0 + -2. Let f = 4 + z. What is the units digit of 4 - (6/f - 2)?
3
Suppose 3*q - 2*y = 40, 5*q + 4*y - 4 = 70. What is the tens digit of q?
1
Suppose -3*o + 0*o + 9 = 0. Let i be (-80)/(-30)*(-6)/(-4). Suppose 1 = j, -c + o*j = i*j - 2. What is the units digit of c?
1
Let x be ((-38)/(-3))/(2/6). Let u be x/(-14) + (-2)/7. What is the units digit of (u/((-3)/8))/2?
4
Suppose -2*x = -x - 113. What is the hundreds digit of x?
1
Let f = -2 - -2. Suppose -3*h + 133 + 8 = f. Suppose -5*a + 4*r = -28 - 18, -5*a + 3*r = -h. What is the units digit of a?
0
Let r(n) = -n + 6. Let l be r(9). Let d = -19 + l. Let t = d + 35. What is the units digit of t?
3
Suppose -2*p - 6 = 4, 190 = -5*n + 3*p. Let x = -29 - n. What is the units digit of x?
2
Let j be 2/(-4) + (-5)/10. Let s = 3 + j. Let c = s - -1. What is the units digit of c?
3
Suppose -5*o + 14 = -56. What is the tens digit of o?
1
Suppose 2*l - 127 = 307. What is the tens digit of l?
1
Suppose -574 = -4*z + 82. What is the units digit of z?
4
Suppose -900 = -5*s + 5*b, -2*b - 89 - 90 = -s. What is the tens digit of s?
8
Let p be 12/(-8)*1*-2. Let y be 0/p*(-1)/3. Suppose -s + 0*s + 5 = y, 45 = 5*l - 2*s. What is the units digit of l?
1
Suppose -6*w + 1165 = 265. What is the hundreds digit of w?
1
Let h(i) = 12*i - 9. What is the units digit of h(4)?
9
Suppose 0 = 4*z - 2*z - 16. What is the tens digit of 74/4 + (-4)/z?
1
Let v be 2/(-14) + 1616/(-56). Let q = v + 45. What is the tens digit of q?
1
Let m(x) = -16*x + 17. What is the tens digit of m(-5)?
9
Let y be -9 - (2 + -2) - -1. Let f(z) = -2*z. What is the tens digit of f(y)?
1
Suppose -5*g - 27 = 3*b, -b - 1 = 5*g - 2. What is the units digit of (-21)/b - 1/2?
1
Suppose -99 = -5*i + 131. What is the tens digit of i?
4
Let f(i) = -10*i**2 + 2*i - 1. Let c be f(1). Let l(z) = -13*z + 12. Let o(u) = -3*u + 3. Let b(y) = c*o(y) + 2*l(y). What is the units digit of b(9)?
6
Let t be (4 + -9)*12/10. Let n(r) = r + 6. Let s be n(t). Suppose s = -0*g - g + 2. What is the units digit of g?
2
Let h = 321 - 191. What is the units digit of h?
0